{"id":708,"date":"2021-06-22T09:25:25","date_gmt":"2021-06-22T09:25:25","guid":{"rendered":"https:\/\/eid4spain19.webs.upv.es\/?page_id=708"},"modified":"2021-11-06T18:23:37","modified_gmt":"2021-11-06T18:23:37","slug":"demonstrative-video","status":"publish","type":"page","link":"https:\/\/eid4spain19.webs.upv.es\/index.php\/en\/demonstrative-video\/","title":{"rendered":"Videos"},"content":{"rendered":"\n<h3 class=\"wp-block-heading\">Demonstrative Video &#8211; Universitat Polit\u00e8cnica de Val\u00e8ncia<\/h3>\n\n\n\n<figure class=\"wp-block-embed is-type-video is-provider-youtube wp-block-embed-youtube wp-embed-aspect-16-9 wp-has-aspect-ratio\"><div class=\"wp-block-embed__wrapper\">\n<iframe loading=\"lazy\" title=\"[eID4Spain19] Demonstrative video\" width=\"843\" height=\"474\" src=\"https:\/\/www.youtube.com\/embed\/8Cn9T2WPcK8?feature=oembed\" frameborder=\"0\" allow=\"accelerometer; autoplay; clipboard-write; encrypted-media; gyroscope; picture-in-picture\" allowfullscreen><\/iframe>\n<\/div><\/figure>\n\n\n\n<h3 class=\"wp-block-heading\"><strong>The electronic Administration in European Terms<\/strong> &#8211; <strong>DIPUTACI\u00d3N PROVINCIAL DE VALLADOLID<\/strong><\/h3>\n\n\n\n<figure class=\"wp-block-embed is-type-video is-provider-vimeo wp-block-embed-vimeo wp-embed-aspect-16-9 wp-has-aspect-ratio\"><div class=\"wp-block-embed__wrapper\">\n<iframe loading=\"lazy\" title=\"TRAILER SENSIBILIZACI&amp;Oacute;N eIDAS4SPAIN.mp4\" src=\"https:\/\/player.vimeo.com\/video\/577590892?h=36ab4f7d70&amp;dnt=1&amp;app_id=122963\" width=\"843\" height=\"474\" frameborder=\"0\" allow=\"autoplay; fullscreen; picture-in-picture\" allowfullscreen><\/iframe>\n<\/div><\/figure>\n\n\n\n<h3 class=\"wp-block-heading\"><strong>Spot 2 eID4Spain19 &#8211; Espa\u00f1ol<\/strong><\/h3>\n\n\n\n<figure class=\"wp-block-embed is-type-video is-provider-youtube wp-block-embed-youtube wp-embed-aspect-16-9 wp-has-aspect-ratio\"><div class=\"wp-block-embed__wrapper\">\n<iframe loading=\"lazy\" title=\"Spot 2 eID4Spain19 Espa\u00f1ol\" width=\"843\" height=\"474\" src=\"https:\/\/www.youtube.com\/embed\/FM5h9U_fNQ8?feature=oembed\" frameborder=\"0\" allow=\"accelerometer; autoplay; clipboard-write; encrypted-media; gyroscope; picture-in-picture\" allowfullscreen><\/iframe>\n<\/div><\/figure>\n\n\n\n<h3 class=\"wp-block-heading\"><strong>Spot 2 eID4Spain19 &#8211; Ingl\u00e9s<\/strong><\/h3>\n\n\n\n<figure class=\"wp-block-embed is-type-video is-provider-youtube wp-block-embed-youtube wp-embed-aspect-16-9 wp-has-aspect-ratio\"><div class=\"wp-block-embed__wrapper\">\n<iframe loading=\"lazy\" title=\"Spot 2 eID4Spain19 - Ingl\u00e9s\" width=\"843\" height=\"474\" src=\"https:\/\/www.youtube.com\/embed\/ON2JK_iwQNE?feature=oembed\" frameborder=\"0\" allow=\"accelerometer; autoplay; clipboard-write; encrypted-media; gyroscope; picture-in-picture\" allowfullscreen><\/iframe>\n<\/div><\/figure>\n\n\n\n<h3 class=\"wp-block-heading\"><strong>Spot 2 eID4Spain19 &#8211; Portugu\u00e9s<\/strong><\/h3>\n\n\n\n<figure class=\"wp-block-embed is-type-video is-provider-youtube wp-block-embed-youtube wp-embed-aspect-16-9 wp-has-aspect-ratio\"><div class=\"wp-block-embed__wrapper\">\n<iframe loading=\"lazy\" title=\"Spot 2 eID4Spain19 Portugu\u00e9s\" width=\"843\" height=\"474\" src=\"https:\/\/www.youtube.com\/embed\/d6BMMw8_rxQ?feature=oembed\" frameborder=\"0\" allow=\"accelerometer; autoplay; clipboard-write; encrypted-media; gyroscope; picture-in-picture\" allowfullscreen><\/iframe>\n<\/div><\/figure>\n","protected":false},"excerpt":{"rendered":"<p>Demonstrative Video &#8211; Universitat Polit\u00e8cnica de Val\u00e8ncia The electronic Administration in European Terms &#8211; DIPUTACI\u00d3N PROVINCIAL DE VALLADOLID Spot 2 eID4Spain19 &#8211; Espa\u00f1ol Spot 2&hellip;<\/p>\n","protected":false},"author":1,"featured_media":0,"parent":0,"menu_order":0,"comment_status":"closed","ping_status":"closed","template":"","meta":{"footnotes":""},"class_list":["post-708","page","type-page","status-publish","hentry"],"_links":{"self":[{"href":"https:\/\/eid4spain19.webs.upv.es\/index.php\/wp-json\/wp\/v2\/pages\/708","targetHints":{"allow":["GET"]}}],"collection":[{"href":"https:\/\/eid4spain19.webs.upv.es\/index.php\/wp-json\/wp\/v2\/pages"}],"about":[{"href":"https:\/\/eid4spain19.webs.upv.es\/index.php\/wp-json\/wp\/v2\/types\/page"}],"author":[{"embeddable":true,"href":"https:\/\/eid4spain19.webs.upv.es\/index.php\/wp-json\/wp\/v2\/users\/1"}],"replies":[{"embeddable":true,"href":"https:\/\/eid4spain19.webs.upv.es\/index.php\/wp-json\/wp\/v2\/comments?post=708"}],"version-history":[{"count":13,"href":"https:\/\/eid4spain19.webs.upv.es\/index.php\/wp-json\/wp\/v2\/pages\/708\/revisions"}],"predecessor-version":[{"id":927,"href":"https:\/\/eid4spain19.webs.upv.es\/index.php\/wp-json\/wp\/v2\/pages\/708\/revisions\/927"}],"wp:attachment":[{"href":"https:\/\/eid4spain19.webs.upv.es\/index.php\/wp-json\/wp\/v2\/media?parent=708"}],"curies":[{"name":"wp","href":"https:\/\/api.w.org\/{rel}","templated":true}]}}